d k?
19
Suppose -q - 4 = -32. What is the highest common factor of q and 21?
7
Let p(n) = -n**3 - 14*n**2 - 13*n + 3. Let w be p(-13). Suppose -w*t + 31 = -t + g, -10 = -2*g. Calculate the greatest common factor of t and 39.
13
Let n = 8 + -2. Let u be 4*(4 - 2706/8). Let r be u/(-28) + 1/4. Calculate the greatest common divisor of r and n.
6
Let q = 66 + -31. Calculate the highest common divisor of q and 7.
7
Let z(d) = 89*d**2 + d. Let r be z(1). What is the highest common divisor of r and 10?
10
Suppose -2*z - 540 = -8*z. Suppose -63 - z = -b. Calculate the highest common divisor of 17 and b.
17
Suppose 26*c - 31*c = -200. What is the highest common factor of 60 and c?
20
Suppose -5*a - 108 = 2*w + 10, 5*a + 10 = 0. Let u = 102 + w. Let t = -10 - -16. What is the greatest common divisor of u and t?
6
Suppose 5*b = -5*z - 5, 2*b = 4*z - 36 + 16. Calculate the greatest common divisor of z and 3.
3
Let y(u) = 2*u**2 - u - 3. Let l be y(4). Let o be ((-6)/4)/(2/(-300)). What is the highest common factor of l and o?
25
Let r = 49 + -21. Suppose -9 = -2*p + 3*b, p + 0*b + 4*b = -12. Suppose 0 = n - 42 - p. Calculate the highest common factor of r and n.
14
Let t(h) be the third derivative of h**4/24 + h**2. Let z be t(-5). Let g be ((-4)/z)/1*10. What is the highest common factor of 40 and g?
8
Suppose 0 = 5*n - 2 - 18. What is the highest common divisor of 36 and n?
4
Let z = -12 - 12. Let i = z + 34. What is the highest common factor of 4 and i?
2
Suppose -h + 2 + 0 = 0. Suppose 0*z + h*z = 280. Let b = z - 42. Calculate the greatest common factor of b and 14.
14
Let t(y) = y**3 - 7*y**2 - 3*y + 26. Let g be t(8). Calculate the greatest common divisor of 22 and g.
22
Let q(f) = f**2 + f. Let t be q(4). Let n(g) = -g**3 + 15*g**2 + 18*g - 24. Let s be n(16). What is the highest common factor of t and s?
4
Let n be ((-8)/8)/((-2)/6). Suppose -180 = -n*p - 2*p. What is the greatest common factor of p and 4?
4
Let v = 3 - 1. Let i(a) = a**2 - a - 1. Let x be (-6)/15 + 16/(-10). Let f be i(x). Calculate the greatest common factor of f and v.
1
Let p be (-54)/(-4) - 1/2. Let a = p + 1. What is the highest common divisor of a and 140?
14
Suppose w - r = 2*r, 4*r - 13 = -3*w. Suppose -w*d - 60 = -6*d. What is the greatest common divisor of d and 180?
20
Let o(t) = -t**3 - 16*t**2 - 5*t - 14. Let d be o(-16). Suppose 2*u = u + 6. Calculate the highest common factor of d and u.
6
Let r(c) = -c**2 + 10*c - 2. Let g be r(8). Suppose 3*s - g = 7. Calculate the highest common divisor of s and 35.
7
Suppose -5*f - 528 + 1333 = 0. Let k = 104 - 81. Calculate the greatest common factor of k and f.
23
Let a be 6/(-33) + 134/11. Calculate the greatest common divisor of a and 12.
12
Suppose -i + 0*i + 135 = 0. What is the highest common factor of i and 27?
27
Let g(y) = -15*y**2 - 7*y + 6. Let p be g(4). Let x be 6/33 - p/11. What is the greatest common divisor of x and 60?
12
Let a be (-12)/126 - (-3824)/21. Calculate the greatest common factor of 26 and a.
26
Suppose 0 = x - 2*u - 10, x + 4 = -2*u - 6. Suppose -5*f + 3*j + 4 = -51, x = -2*j + 10. Calculate the highest common factor of 154 and f.
14
Let j(p) = -2*p**3 - 2*p**2 - 2*p - 1. Let t be j(-2). What is the greatest common divisor of t and 1?
1
Let s(x) = x**3 + 4*x**2 - 5*x - 9. Let d be s(-4). Calculate the highest common factor of d and 77.
11
Suppose 5*i + 2*u = u + 30, 4*i + 4*u - 24 = 0. Calculate the greatest common divisor of i and 54.
6
Let z be ((-21)/(-2))/((-6)/(-16)). Let f(h) = h**3 - h - 2. Let d be f(2). What is the greatest common divisor of d and z?
4
Let o(m) = -4*m**3 - 3*m**2 - m - 1. Let w be o(-2). Suppose 20 = 4*i - 8. Calculate the greatest common factor of w and i.
7
Let w be 92/(-4 + 5) + -4. Let h = 23 - 12. Calculate the greatest common factor of h and w.
11
Suppose -d - 19 = -3*d - 3*u, 29 = 3*d + 5*u. Suppose -5*z + 4*z + 4 = 0. Calculate the highest common divisor of z and d.
4
Let h = -16 + 46. What is the highest common factor of h and 30?
30
Suppose -2*r + 22 = -4*h, 2*r - 2 - 8 = -2*h. What is the highest common divisor of r and 56?
7
Suppose -5*v = -3*v - 16. Suppose 5*d + 67 = 2*u - 65, -2*d = -3*u + 176. Calculate the highest common divisor of u and v.
8
Let m be -9*(952/(-273) - (-4)/26). Let n = -3 + 6. Suppose 0*r = n*r + 5*c - 140, 4*c + 221 = 5*r. Calculate the highest common divisor of m and r.
15
Suppose -z + 0*z + 3 = 0. Suppose u = -c - z, 2*c + u = -2*u - 9. Suppose r - 5*f + 6 = -c*f, -24 = -3*r + f. Calculate the greatest common factor of 81 and r.
9
Let c(f) = -f**3 - 13*f**2 + 9*f. Let a be c(-14). What is the highest common divisor of a and 35?
35
Let z be ((-45)/12)/5 + (-1881)/(-44). What is the highest common factor of 21 and z?
21
Let y(x) = -15*x + 41. Let i(l) = 10*l - 27. Let p(h) = -8*i(h) - 5*y(h). Let a be p(-9). What is the greatest common factor of 14 and a?
14
Let x(l) = 49*l**3 - l**2 + l. Let g be x(1). Let o(k) = -k**3 + 4*k**2 - k + 11. Let d be o(4). What is the greatest common divisor of d and g?
7
Suppose -k + a + 5 = k, 2*k + 3*a = 17. Suppose k*v - v = 294. Let t = 28 - 14. What is the highest common factor of v and t?
14
Let x = 4 + -2. Suppose 3 = -x*u + 5. Let f be (-15)/2*(-1 - u). What is the greatest common factor of f and 30?
15
Let n(m) = -m**3 + 12*m**2 - 5*m + 2. Suppose 0 = -2*j + j + 11. Let g be n(j). What is the highest common divisor of g and 17?
17
Suppose 4*j + j = 105. Let l = 79 + -65. What is the greatest common divisor of l and j?
7
Let z be ((-9)/(-6))/((-3)/(-20)). What is the highest common factor of 50 and z?
10
Let c = -9 + 16. Let p(x) = -x**2 - x + 5. Let j be p(-4). Let o be j*(4/(-2) - -1). What is the greatest common divisor of c and o?
7
Suppose 57 = 5*m - 43. Let b(k) = 12*k + 4. Let f be b(13). What is the highest common divisor of m and f?
20
Let n be (-2)/(-2 + 0) + 1. Suppose 5*s + 0*s - 136 = -3*j, -j = n*s - 46. Calculate the highest common divisor of 28 and j.
14
Let u = 437 + 90. Suppose 4*y - u + 147 = 0. Calculate the greatest common divisor of y and 19.
19
Let n(v) = v**3 - 6*v**2 - v - 2. Let k(p) = -5*p. Let r be k(-1). Let t be n(r). Let l be 10/(-25) + t/(-5). Calculate the greatest common divisor of l and 12.
6
Let z(c) = -24*c - 20. Let g(s) = s + 1. Let i(m) = 8*g(m) + z(m). Let o be i(-7). Calculate the greatest common factor of 10 and o.
10
Let s = -14 + 22. What is the greatest common divisor of s and 12?
4
Let h be 1 + 12 + -1*1. Let n = h - -21. Let o(q) = q**3 - q + 22. Let d be o(0). Calculate the greatest common divisor of d and n.
11
Let y(f) = -f**2 - 7*f + 1. Let p = 3 + 0. Suppose -4*l - l - 30 = -k, p*l + 4*k = -41. Let i be y(l). What is the greatest common factor of 9 and i?
1
Let q(t) = t**3 - 5 + 3*t - 8*t**2 + t + 4*t. Let n be q(7). What is the highest common factor of n and 14?
2
Let p(n) = -n**2 - 8*n + 6. Let m be p(-6). What is the greatest common divisor of 9 and m?
9
Suppose 2*n = 3*n - 85. Let z = n - 55. What is the highest common factor of 10 and z?
10
Suppose -2*m = -5*j - 13, 0 = -m - 5*j + 2*j + 1. Suppose m*z = 34 + 26. Suppose 0 = -3*u + 21 - 6. What is the highest common factor of z and u?
5
Let z(i) = -64*i + 24. Let b be z(-3). Calculate the greatest common factor of b and 12.
12
Suppose 5*d - 3*d = 8. Suppose -d*i + 6*i = 78. What is the greatest common divisor of i and 26?
13
Let j = 52 - 33. Calculate the greatest common divisor of 19 and j.
19
Let m be (20/(-2))/(7 - (-115)/(-15)). Calculate the greatest common divisor of m and 255.
15
Suppose 12 = q - 2*x, 0 = -0*q + 3*q - 2*x - 40. Suppose 0 = c - 5*h - 125, 271 = 2*c - 2*h - h. Calculate the greatest common factor of q and c.
14
Let p = 31 - 16. Let i be p + (-2)/(6/3). Let w be 2*17*7/i. Calculate the greatest common divisor of w and 17.
17
Let f be (-3)/2 + (-4)/(40/(-865)). What is the greatest common divisor of f and 34?
17
Let v = -2 + 0. Let d be v/1*3/(-2). What is the highest common factor of d and 3?
3
Let h(x) = x**2 + 2*x - 7. Let n be h(-6). Let l = 269 + -150. What is the greatest common factor of l and n?
17
Let r(m) = 2*m**2 - 5*m + 2. Let s be r(5). Suppose 10*p - s = 5*p + 3*c, 0 = 2*p + 2*c + 2. Let a be 4/6 + 7/3. What is the greatest common divisor of p and a?
3
S